ve of 1/6*a**3 + 1/15*a**5 + 0*a + 1/120*a**n + 1/8*a**4 - a**2 + 0. What is p(-3)?
1
Let b be (6 - -1 - -1)*(-570)/(-760). Let l(o) = o**2 - o + 5. Calculate l(b).
35
Let c(h) = h**2 + 4*h - 6. Let l(y) be the first derivative of -y**3/3 - 4*y**2 - 6*y - 4. Suppose 40 = -t - 4*t. Let n be l(t). What is c(n)?
6
Let t(c) = c**3 + 4*c**2 - 2*c - 1. Let i(n) be the first derivative of -n**4/4 - 5*n**3/3 + 7*n**2/2 + 2*n - 4. Let a be i(-6). Calculate t(a).
7
Let d(r) = 9609 - 4*r - 9594 - 11*r - 2*r**2. What is d(-8)?
7
Let m(z) = -1 - 2*z**3 + 3*z**3 - 2*z**3 + z. Let r = -32 + 31. Let j(l) = -2*l**3 + 3*l**2 + 4*l - 1. Let c(v) = r*m(v) + j(v). Give c(4).
-4
Suppose -9*d = 40 + 5. Let o(s) = s - 5*s + s + 2*s. Calculate o(d).
5
Let k = 232 + -230. Let w(v) = -v + 7. Let x be w(5). Let l(b) = 6*b**2 + 2*b - 3 - 5*b**2 - x*b**2. What is l(k)?
-3
Let l(o) be the third derivative of 16*o**2 - 1/60*o**5 + 3/8*o**4 - 7/6*o**3 + 0*o + 0. Give l(9).
-7
Let x(c) be the third derivative of c**4/8 - c**3/3 - c**2. Let w(o) = -9*o - 61. Suppose 0 = -3*f - v - 25, 2*f + 2*v + 9 = -13. Let t be w(f). Calculate x(t).
4
Let u(f) be the third derivative of -1/15*f**5 + 0*f + 1/3*f**3 + 6*f**2 + 0 + 1/120*f**6 - 1/24*f**4. Give u(4).
-2
Let p(s) be the second derivative of s**3/6 + s**2 - s - 17. Let w be (-14)/77 - 70/(-22). Suppose -6 = -w*j + j. Determine p(j).
5
Let l(a) = -7*a**3 - 3*a**2 - 2*a + 2. Let m(r) = -8*r**3 - 3*r**2 - 3*r + 3. Let f(v) = -3*l(v) + 2*m(v). Determine f(-2).
-28
Suppose -4*j + 2*r = 1 + 5, -r + 3 = -3*j. Let h(o) = 3 - 7*o - 6*o + 14*o + j*o + o**2. Give h(-3).
9
Let a(p) be the second derivative of -1/3*p**4 - 5/6*p**3 - 3*p**2 + 11*p + 0 + 1/20*p**5. Determine a(5).
-6
Suppose -n + 3 + 1 = 0. Suppose 15 = -3*c, 14 = -3*i - 0*i - n*c. Let d(v) = 3*v - 3. Give d(i).
3
Let u(x) = -2*x**2 - 4*x + 5. Let y(i) = -i**2 + 48*i + 202. Let n be y(52). Give u(n).
-43
Let m(b) = 0 - 5 + 4*b**2 - 3 - 5*b + 3 + b**3. Let g(o) = -4*o**2 + 21*o - 22. Let n be g(1). Determine m(n).
-5
Let a(h) = 182*h + 176*h - 357*h - 7. Give a(4).
-3
Let p(v) be the second derivative of -v**3/6 + 9*v**2 + 468*v. Determine p(13).
5
Let f(j) be the third derivative of 16*j**2 + 2/3*j**3 + 0 + 0*j + 5/24*j**4. What is f(-3)?
-11
Let b(o) = 4*o**2 + 4*o - 3. Let y(p) = -p**3 - p**2 + 3*p + 9. Let z be y(-2). Let w = -5 + z. What is b(w)?
21
Let x(m) be the second derivative of -11*m + 0 + 1/6*m**3 - 1/2*m**2. Suppose -2*o + 17 = -0*n - 3*n, -4*o - 4*n + 4 = 0. Give x(o).
3
Let c be 12*(-3)/(-72)*2*6. Let i(r) be the third derivative of r**5/60 - r**4/3 + 5*r**3/6 - r**2. Calculate i(c).
-7
Let t(n) = n**2 + n + 1. Let l = -35 - -34. Let k(d) = -d**3 - d**2 + 6*d. Let u(z) = l*k(z) + 2*t(z). Give u(-4).
2
Let u = -67 + 69. Let a(g) = g**3 + g - 3. Let p(n) = -n**3 + n**2 + n. Let b(k) = u*p(k) + a(k). Give b(2).
3
Let q(p) = -3 + 1 - 5 + 2570*p + 4*p**2 - 2569*p - 2*p**2. Calculate q(-4).
21
Let w(q) = -453*q**2 - 5*q - 20 - q**3 + 445*q**2 - 2*q - 2*q. What is w(-7)?
-6
Let w(g) be the second derivative of g**3/6 - g**2/2 + 8*g. Let j(b) = b - 8. Let n = 10 + -5. Let q be j(n). Calculate w(q).
-4
Suppose 0 = 5*n - 5*o - 4 + 39, n - 3*o = -11. Let x = n + 9. Suppose 0 = x*a - 6*a - 8. Let v(t) = -t**3 - 3*t**2 + 5*t + 6. Determine v(a).
2
Suppose 8 = o + 3*o. Let a(s) = 6*s + s**2 + 4 - 5*s**2 + 3*s**o. Suppose 8*z + 14 = 62. Determine a(z).
4
Let h be (((-10)/2)/5)/((-1)/5). Suppose -3*z = 4*z - h*z. Let k(m) be the first derivative of m**3/3 - 4*m + 1. Calculate k(z).
-4
Suppose -6*d + 2*x = -4*d - 22, 5*d - 51 = x. Let u(r) = -8*r + d*r - 2*r**2 + r**3 + 3 + 6*r**2. Determine u(-3).
6
Let o be (-225)/(-10)*8/20. Let c(b) = b - 12. What is c(o)?
-3
Let g be (-4)/3 + 0 + (-16)/(-12). Let j = -11 - -23. Let d(i) = -j - i + 7 - 7. Determine d(g).
-12
Let o(l) be the third derivative of -l**4/6 + l**3/3 - 325*l**2 + 3*l. What is o(-11)?
46
Let q = 46 + -47. Let t(d) = -2*d + 15. Let w(f) = 2. Let c(l) = q*t(l) + 6*w(l). Give c(2).
1
Let o = -9 + 6. Let l(k) = 2*k**3 - 2*k**2 - 6*k - 9. Let u(f) = 3*f**3 - 2*f**2 - 8*f - 11. Let s(n) = -4*l(n) + 3*u(n). Give s(o).
-6
Let o(a) = a**3 + 7*a**2 + 2*a + 3. Suppose 0 = 5*i + 7 + 28. Give o(i).
-11
Suppose 45 + 91 = -68*u. Let s(i) = 2*i + 3 + 0*i**2 + 0*i**2 - i**2. Determine s(u).
-5
Let t(a) be the first derivative of -3 - 1/2*a**2 + 0*a + 1/4*a**4 + 2*a**3. Let g(x) = 2*x + 2. Let m be g(-4). Give t(m).
6
Let c(q) = q - 6. Let t(n) = 2*n + 14. Suppose -5*p - 4 + 14 = 0, -3*l + 4*p - 29 = 0. Let s be t(l). Give c(s).
-6
Let f(h) = -h + 2. Suppose -3*i - 5*p = -65, 3*p - 3 = -0*p. Let g = 6 - i. Let s = 18 + g. Give f(s).
-2
Suppose -3*y - 30 = -5*y. Let o = -138 + 124. Let n = o + y. Let g(m) = 6*m + 1. Give g(n).
7
Let f(w) = -4*w + 4. Suppose -208*z + 210*z = 14. Determine f(z).
-24
Let h(i) be the second derivative of i**4/12 - 5*i**3/3 - i**2 - 234*i + 1. What is h(8)?
-18
Let g(v) be the second derivative of -v**6/720 + v**5/40 - 19*v**4/12 - 28*v. Let p(q) be the third derivative of g(q). What is p(-9)?
12
Let c be 1 + (3 - 4) - 0. Suppose 4*l - l = c. Let h be 1 + l - (-25)/(-5). Let n(w) = -4*w + 1. What is n(h)?
17
Let p(a) = a + 4. Let q(n) = n + 5. Let z be q(0). Suppose z*d + 17 = -3. What is p(d)?
0
Let c(j) = -2*j**3 - 6*j**2 - 6*j + 6. Let f(n) = 2 + 4 - 7*n - 67*n**2 - n**3 + 61*n**2. Let m(t) = 2*c(t) - 3*f(t). Give m(7).
8
Let u(p) = 2*p + 2617 + 2618 - 5232. Determine u(10).
23
Let a(h) = -15*h - 28. Let f(m) = -7*m - 13. Let k(u) = -6*a(u) + 13*f(u). What is k(2)?
-3
Let y(j) = -j**2 + j + 1. Let i = 13 + -18. Let b(f) = -f**3 - 5*f**2 + f + 5. Let z be b(i). Calculate y(z).
1
Let z(v) = -v**2 - 1. Let x(h) = 4 + h**2 + 9*h**2 - h + 6. Let g(j) = 2*x(j) + 22*z(j). Let r(b) = -b**3 + 4*b**2 + 2*b + 12. Let l be r(5). Give g(l).
-14
Let d(z) = -z**3 + 25*z - 3. Let s be (-6 + 14 - 7) + (0 - -4). What is d(s)?
-3
Let p(l) = 33 - 2*l**3 - 9*l**2 + 53 - 72 + l**3 + l. What is p(-9)?
5
Let v be (-6)/(-11) + (-1287)/363. Let n(h) = 10*h - 2. Determine n(v).
-32
Let d(y) = y**2 + 9*y + 5. Let l(p) = 9*p**3 - 3*p - 3. Let f = -117 - -116. Let x be l(f). Determine d(x).
5
Let i(u) be the second derivative of u**3/3 + u**2/2 - u + 15. Suppose 0 = -o - 3 - 0. Let k be 2 + 3/o - 7. Determine i(k).
-11
Suppose 0 = -2*x - 10, 2*w + 28 = -2*w - 4*x. Let u be w/(-1) + (5 - 7). Let n(i) = u - 2 + i**3 + 4*i**2 + 5 + 0*i + 3*i. Calculate n(-3).
3
Let a(y) = -y + 32. Let n be (-2)/4 - ((-22)/(-4) - 6). What is a(n)?
32
Let x(y) = 5*y**2 - y + 2. Let m be ((8 - 9)*2)/(-2). Calculate x(m).
6
Let v(m) = m**3 + 7*m**2 - 2*m - 8. Suppose 0 = i + 3*r + 2*r + 17, -2*i = 2*r + 18. Let s be v(i). Let t(q) = 8 - 12 - q**2 - 4*q + s. Calculate t(-4).
2
Let a(c) be the third derivative of -11*c**6/120 - c**5/30 + c**4/24 - c**2. Let h be 25 + -23 - (1 - 0). Calculate a(h).
-12
Suppose -3*y = -19 + 1. Let i(p) be the third derivative of -5/6*p**3 - 1/4*p**4 + 1/60*p**5 - 76*p**2 + 0 + 0*p. Determine i(y).
-5
Let p be (-4)/(-3) - (-86)/(-6). Let a = 6 + p. Let m = -3 - a. Let k(v) = v**3 - 4*v**2 + 3*v + 2. Determine k(m).
14
Let r(k) = k**2 - 24*k + 48. Let v be r(22). Let n(y) = y. Calculate n(v).
4
Let j(s) be the second derivative of s**4/12 - 2*s**3/3 - 5*s**2 + 40*s. Let q(o) = o**3 + 5*o**2 - o + 2. Let v be q(-5). Determine j(v).
11
Suppose -3*k + 13 = 3*c - c, -20 = -4*k. Let o(s) = -6*s**3 + 2*s**2 + s. Give o(c).
7
Suppose 0 + 3 = -j. Let w(d) = 2*d - 4*d + 7*d - 2*d. What is w(j)?
-9
Let y(l) = 2*l - 4. Let s = 336 + -339. Determine y(s).
-10
Let o be 12/(-8)*2/(-3). Let n = o - 1. Let b(p) be the second derivative of -p**4/12 + p**3/6 + p**2 + 3*p. What is b(n)?
2
Let p(y) = 70529*y + 2*y**2 - 70535*y - y**2 + 2 - 5. Give p(8).
13
Let t(o) = -4*o**2 - 2*o + 1. Suppose -4*b - 5*c = -2*c - 20, 0 = -3*c. Let v be 12/4 - (b - 3). Determine t(v).
-5
Let h be (-48)/27 + (-18)/81. Let m = -5 + h. Let y(t) = -4*t**2 + 12*t + 7. Let v(f) = f**2 - f - 1. Let j(q) = 5*v(q) + y(q). Give j(m).
2
Let t(n) = 2*n + 2. Let s be t(1). Let g(v) = -v**3 - 3*v**2 - 5*v - 5. Let w(j) = -2*j**3 - 2*j**2 - 4*j - 4. Let x(f) = s*w(f) - 3*g(f). Determine x(-1).
6
Let x(l) = -l**3 - 9*l**2 - 8*l - 2. Let p be x(-8). Let d(f) = 7*f + 8. Let g(c) 